{"id":1001,"date":"2021-11-11T20:29:22","date_gmt":"2021-11-11T20:29:22","guid":{"rendered":"https:\/\/constance-escobar.com\/?page_id=1001"},"modified":"2022-06-04T10:03:05","modified_gmt":"2022-06-04T10:03:05","slug":"la-virgule-2","status":"publish","type":"page","link":"https:\/\/constance-escobar.com\/index.php\/la-virgule-2\/","title":{"rendered":"La Virgule"},"content":{"rendered":"\t\t<div data-elementor-type=\"wp-page\" data-elementor-id=\"1001\" class=\"elementor elementor-1001\">\n\t\t\t\t\t\t\t\t\t<section class=\"elementor-section elementor-top-section elementor-element elementor-element-bc5894c elementor-section-content-middle elementor-section-boxed elementor-section-height-default elementor-section-height-default\" data-id=\"bc5894c\" data-element_type=\"section\">\n\t\t\t\t\t\t<div class=\"elementor-container elementor-column-gap-default\">\n\t\t\t\t\t<div class=\"elementor-column elementor-col-100 elementor-top-column elementor-element elementor-element-df941e3\" data-id=\"df941e3\" data-element_type=\"column\">\n\t\t\t<div class=\"elementor-widget-wrap elementor-element-populated\">\n\t\t\t\t\t\t\t\t<div class=\"elementor-element elementor-element-00246bb elementor-widget elementor-widget-image\" data-id=\"00246bb\" data-element_type=\"widget\" data-widget_type=\"image.default\">\n\t\t\t\t<div class=\"elementor-widget-container\">\n\t\t\t<style>\/*! elementor - v3.6.5 - 27-04-2022 *\/\n.elementor-widget-image{text-align:center}.elementor-widget-image a{display:inline-block}.elementor-widget-image a img[src$=\".svg\"]{width:48px}.elementor-widget-image img{vertical-align:middle;display:inline-block}<\/style>\t\t\t\t\t\t\t\t\t\t\t\t<img loading=\"lazy\" decoding=\"async\" width=\"768\" height=\"512\" src=\"https:\/\/constance-escobar.com\/wp-content\/uploads\/2021\/11\/mock-up-couv-1-768x512.png\" class=\"attachment-medium_large size-medium_large\" alt=\"\" srcset=\"https:\/\/constance-escobar.com\/wp-content\/uploads\/2021\/11\/mock-up-couv-1-768x512.png 768w, https:\/\/constance-escobar.com\/wp-content\/uploads\/2021\/11\/mock-up-couv-1-300x200.png 300w, https:\/\/constance-escobar.com\/wp-content\/uploads\/2021\/11\/mock-up-couv-1-1024x683.png 1024w, https:\/\/constance-escobar.com\/wp-content\/uploads\/2021\/11\/mock-up-couv-1-720x480.png 720w, https:\/\/constance-escobar.com\/wp-content\/uploads\/2021\/11\/mock-up-couv-1-820x547.png 820w, https:\/\/constance-escobar.com\/wp-content\/uploads\/2021\/11\/mock-up-couv-1.png 1200w\" sizes=\"auto, (max-width: 768px) 100vw, 768px\" \/>\t\t\t\t\t\t\t\t\t\t\t\t\t\t\t<\/div>\n\t\t\t\t<\/div>\n\t\t\t\t\t<\/div>\n\t\t<\/div>\n\t\t\t\t\t\t\t<\/div>\n\t\t<\/section>\n\t\t\t\t<section class=\"elementor-section elementor-top-section elementor-element elementor-element-b3a9929 elementor-section-boxed elementor-section-height-default elementor-section-height-default\" data-id=\"b3a9929\" data-element_type=\"section\">\n\t\t\t\t\t\t<div class=\"elementor-container elementor-column-gap-default\">\n\t\t\t\t\t<div class=\"elementor-column elementor-col-50 elementor-top-column elementor-element elementor-element-77e267e\" data-id=\"77e267e\" data-element_type=\"column\">\n\t\t\t<div class=\"elementor-widget-wrap elementor-element-populated\">\n\t\t\t\t\t\t\t\t<div class=\"elementor-element elementor-element-510c6bf elementor-widget elementor-widget-image\" data-id=\"510c6bf\" data-element_type=\"widget\" data-widget_type=\"image.default\">\n\t\t\t\t<div class=\"elementor-widget-container\">\n\t\t\t\t\t\t\t\t\t\t\t\t\t\t\t<img loading=\"lazy\" decoding=\"async\" width=\"820\" height=\"547\" src=\"https:\/\/constance-escobar.com\/wp-content\/uploads\/2021\/11\/mock-up-itw-1024x683.png\" class=\"attachment-large size-large\" alt=\"\" srcset=\"https:\/\/constance-escobar.com\/wp-content\/uploads\/2021\/11\/mock-up-itw-1024x683.png 1024w, https:\/\/constance-escobar.com\/wp-content\/uploads\/2021\/11\/mock-up-itw-300x200.png 300w, https:\/\/constance-escobar.com\/wp-content\/uploads\/2021\/11\/mock-up-itw-768x512.png 768w, https:\/\/constance-escobar.com\/wp-content\/uploads\/2021\/11\/mock-up-itw-720x480.png 720w, https:\/\/constance-escobar.com\/wp-content\/uploads\/2021\/11\/mock-up-itw-820x547.png 820w, https:\/\/constance-escobar.com\/wp-content\/uploads\/2021\/11\/mock-up-itw.png 1200w\" sizes=\"auto, (max-width: 820px) 100vw, 820px\" \/>\t\t\t\t\t\t\t\t\t\t\t\t\t\t\t<\/div>\n\t\t\t\t<\/div>\n\t\t\t\t\t<\/div>\n\t\t<\/div>\n\t\t\t\t<div class=\"elementor-column elementor-col-50 elementor-top-column elementor-element elementor-element-96ca690\" data-id=\"96ca690\" data-element_type=\"column\">\n\t\t\t<div class=\"elementor-widget-wrap elementor-element-populated\">\n\t\t\t\t\t\t\t\t<div class=\"elementor-element elementor-element-36a07e6 elementor-widget elementor-widget-image\" data-id=\"36a07e6\" data-element_type=\"widget\" data-widget_type=\"image.default\">\n\t\t\t\t<div class=\"elementor-widget-container\">\n\t\t\t\t\t\t\t\t\t\t\t\t\t\t\t<img loading=\"lazy\" decoding=\"async\" width=\"820\" height=\"547\" src=\"https:\/\/constance-escobar.com\/wp-content\/uploads\/2021\/11\/mock-up-timeline-1024x683.png\" class=\"attachment-large size-large\" alt=\"\" srcset=\"https:\/\/constance-escobar.com\/wp-content\/uploads\/2021\/11\/mock-up-timeline-1024x683.png 1024w, https:\/\/constance-escobar.com\/wp-content\/uploads\/2021\/11\/mock-up-timeline-300x200.png 300w, https:\/\/constance-escobar.com\/wp-content\/uploads\/2021\/11\/mock-up-timeline-768x512.png 768w, https:\/\/constance-escobar.com\/wp-content\/uploads\/2021\/11\/mock-up-timeline-720x480.png 720w, https:\/\/constance-escobar.com\/wp-content\/uploads\/2021\/11\/mock-up-timeline-820x547.png 820w, https:\/\/constance-escobar.com\/wp-content\/uploads\/2021\/11\/mock-up-timeline.png 1200w\" sizes=\"auto, (max-width: 820px) 100vw, 820px\" \/>\t\t\t\t\t\t\t\t\t\t\t\t\t\t\t<\/div>\n\t\t\t\t<\/div>\n\t\t\t\t\t<\/div>\n\t\t<\/div>\n\t\t\t\t\t\t\t<\/div>\n\t\t<\/section>\n\t\t\t\t<section class=\"elementor-section elementor-top-section elementor-element elementor-element-b8223b1 elementor-section-boxed elementor-section-height-default elementor-section-height-default\" data-id=\"b8223b1\" data-element_type=\"section\">\n\t\t\t\t\t\t<div class=\"elementor-container elementor-column-gap-default\">\n\t\t\t\t\t<div class=\"elementor-column elementor-col-100 elementor-top-column elementor-element elementor-element-e51a1d4\" data-id=\"e51a1d4\" data-element_type=\"column\">\n\t\t\t<div class=\"elementor-widget-wrap elementor-element-populated\">\n\t\t\t\t\t\t\t\t<div class=\"elementor-element elementor-element-9dd7726 elementor-widget elementor-widget-text-editor\" data-id=\"9dd7726\" data-element_type=\"widget\" data-widget_type=\"text-editor.default\">\n\t\t\t\t<div class=\"elementor-widget-container\">\n\t\t\t<style>\/*! elementor - v3.6.5 - 27-04-2022 *\/\n.elementor-widget-text-editor.elementor-drop-cap-view-stacked .elementor-drop-cap{background-color:#818a91;color:#fff}.elementor-widget-text-editor.elementor-drop-cap-view-framed .elementor-drop-cap{color:#818a91;border:3px solid;background-color:transparent}.elementor-widget-text-editor:not(.elementor-drop-cap-view-default) .elementor-drop-cap{margin-top:8px}.elementor-widget-text-editor:not(.elementor-drop-cap-view-default) .elementor-drop-cap-letter{width:1em;height:1em}.elementor-widget-text-editor .elementor-drop-cap{float:left;text-align:center;line-height:1;font-size:50px}.elementor-widget-text-editor .elementor-drop-cap-letter{display:inline-block}<\/style>\t\t\t\t<p>Cr\u00e9er un \u00e9v\u00e9nement autour de deux phrases marquantes de 2016 et en faire un objet \u00e9ditorial. L\u2019une des phrases \u00e9tait de Jean-Fran\u00e7ois Cop\u00e9 \u00e0 propos du prix du pain au chocolat \u00e0 10 centimes et l\u2019autre de Henri Guaino : \u00ab avec 5100 euros par mois je ne peux rien mettre de c\u00f4t\u00e9 \u00bb.<\/p><p>Ce travail a \u00e9t\u00e9 r\u00e9alis\u00e9 lors d\u2019un workshop . Nous avons cr\u00e9\u00e9 un journal politique aux accents satyriques, sur fond de sc\u00e9nario de thriller.<\/p><p>\u00ab Sous l\u2019\u00e9gide du pr\u00e9sident Macron, une loi scandaleuse \u00e9branlant s\u00e9v\u00e8rement les ministres est vot\u00e9e. L\u2019un deux commet l\u2019irr\u00e9parable et est \u00e9crou\u00e9. Afin de le soutenir, ses coll\u00e8gues se mettent en gr\u00e8ve. Mais devant l\u2019indiff\u00e9rence du peuple, ils d\u00e9cident de frapper beaucoup plus fort&#8230; \u00bb<\/p>\t\t\t\t\t\t<\/div>\n\t\t\t\t<\/div>\n\t\t\t\t\t<\/div>\n\t\t<\/div>\n\t\t\t\t\t\t\t<\/div>\n\t\t<\/section>\n\t\t\t\t\t\t\t<\/div>\n\t\t","protected":false},"excerpt":{"rendered":"<p>Cr\u00e9er un \u00e9v\u00e9nement autour de deux phrases marquantes de 2016 et en faire un objet \u00e9ditorial. L\u2019une des phrases \u00e9tait [&hellip;]<\/p>\n","protected":false},"author":1,"featured_media":0,"parent":0,"menu_order":0,"comment_status":"closed","ping_status":"closed","template":"elementor_header_footer","meta":{"_monsterinsights_skip_tracking":false,"_monsterinsights_sitenote_active":false,"_monsterinsights_sitenote_note":"","_monsterinsights_sitenote_category":0,"footnotes":""},"class_list":["post-1001","page","type-page","status-publish","hentry","clearfix"],"_links":{"self":[{"href":"https:\/\/constance-escobar.com\/index.php\/wp-json\/wp\/v2\/pages\/1001","targetHints":{"allow":["GET"]}}],"collection":[{"href":"https:\/\/constance-escobar.com\/index.php\/wp-json\/wp\/v2\/pages"}],"about":[{"href":"https:\/\/constance-escobar.com\/index.php\/wp-json\/wp\/v2\/types\/page"}],"author":[{"embeddable":true,"href":"https:\/\/constance-escobar.com\/index.php\/wp-json\/wp\/v2\/users\/1"}],"replies":[{"embeddable":true,"href":"https:\/\/constance-escobar.com\/index.php\/wp-json\/wp\/v2\/comments?post=1001"}],"version-history":[{"count":16,"href":"https:\/\/constance-escobar.com\/index.php\/wp-json\/wp\/v2\/pages\/1001\/revisions"}],"predecessor-version":[{"id":1459,"href":"https:\/\/constance-escobar.com\/index.php\/wp-json\/wp\/v2\/pages\/1001\/revisions\/1459"}],"wp:attachment":[{"href":"https:\/\/constance-escobar.com\/index.php\/wp-json\/wp\/v2\/media?parent=1001"}],"curies":[{"name":"wp","href":"https:\/\/api.w.org\/{rel}","templated":true}]}}